?
10
Suppose 0 = -573*v + 227*v + 6574. Calculate the highest common factor of 20368 and v.
19
Suppose 4*t - 2 + 78 = 0. Let k = 292 + -262. Let n = k + t. What is the greatest common divisor of n and 22?
11
Suppose 2*i - l = 6657, 361*i - 2*l = 358*i + 9986. What is the greatest common factor of i and 156?
52
Suppose 0 = 12*w - 0*w - 852. Suppose 2*m = 4*j + j - 206, 2*j - w = -3*m. What is the highest common factor of j and 8?
8
Let p(b) = 77*b + 1003. Let m be p(48). What is the highest common divisor of m and 37?
37
Let m(q) = -q**3 - q**2 + 5*q - 3. Let r be m(3). Let i be 435/9 + 8/r. Let c = i + -39. What is the highest common divisor of c and 9?
9
Let o(h) = 3*h**3 + 229*h**2 + 297*h - 151. Let g be o(-75). What is the highest common factor of 962 and g?
74
Let j = 8398 + -7448. Calculate the greatest common factor of j and 76.
38
Suppose 12*p - 4811 = -3179. Suppose 0 = 2*m + m - 72. Calculate the highest common factor of p and m.
8
Suppose 0 = -727*i + 730*i - 12, -3*i - 15540 = -4*z. What is the highest common factor of 135 and z?
27
Let o = 5433 - 3165. Calculate the highest common divisor of o and 18.
18
Let h be (0 + 3)/(1/17). Suppose 0 = -79*l + 1595 - 252. Calculate the greatest common factor of l and h.
17
Suppose -5*b + 82 + 48 = 0. Suppose x - t - 5 = 0, b*x - t = 22*x + 26. Let n = -1 + 2. Calculate the greatest common divisor of x and n.
1
Let d be (-4)/10*-5*11. Suppose -42*y = -47*y + 65. Let g = 15 - y. What is the greatest common factor of g and d?
2
Suppose -113*y = -107*y + 2*r - 704, -y + 80 = 5*r. Calculate the highest common divisor of y and 156.
12
Let p be ((-6394)/138 + 53)*(-3906)/(-4). Calculate the highest common factor of 60 and p.
30
Let g(s) be the first derivative of s**3/3 + 15*s**2/2 - 16*s - 30. Let c be g(-16). Suppose c = t - 12 - 1. What is the highest common factor of t and 169?
13
Let w(h) = -h**2 - 7*h + 16. Let j be w(-7). Let q = 3 - -1. Suppose -5*f = -q*r - 4*f + 16, 2*r = -f + 8. What is the greatest common factor of j and r?
4
Suppose -14*i = -75 + 16 - 81. What is the greatest common divisor of i and 3170?
10
Suppose 7*o = 3*o + 20. Let p be 57/(o - (-70)/(-15)). Calculate the highest common divisor of p and 57.
57
Suppose 66*v + 32*v - 34496 = 0. Calculate the highest common factor of v and 2376.
88
Suppose -4*j + 4*r + 18 = -22, 2*j + 3*r = -5. Let i(w) = -w**3 + 6*w**2 + w - 16. Let t be i(j). Calculate the greatest common divisor of 91 and t.
7
Let l be 1/3 + -6 + 5070/18. Let c be ((-15)/12)/(-5) - (-1035)/l. Let z = -42 + 94. What is the highest common divisor of c and z?
4
Suppose 5*m + 0 - 25 = 0. Suppose 5*z = -5*f - 105, f + m*z + 42 - 1 = 0. Let g = f + 21. Calculate the greatest common factor of 2 and g.
1
Suppose -5*q - 3539 = -2*p, -p - q = 447 - 2213. Let w = -225 + 282. What is the highest common divisor of p and w?
57
Let a = 248 + -244. Suppose 4*f + a*o - o = 156, o + 195 = 5*f. What is the highest common factor of 13 and f?
13
Suppose -2*a = 5*g - 138, 21*a = 22*a + g - 60. What is the greatest common factor of 1782 and a?
54
Let s = 507 - -768. What is the greatest common divisor of 50 and s?
25
Let z = 31800 + -31695. What is the greatest common divisor of 2688 and z?
21
Suppose -168*v + 148*v + 33040 = 0. Calculate the highest common divisor of v and 14.
14
Suppose -369946 = -48*t - 41*t - 121191. Calculate the greatest common divisor of t and 65.
65
Let t(i) be the third derivative of 7*i**4/6 + 8*i**3 - 42*i**2. Let w be t(4). What is the highest common factor of w and 4?
4
Suppose -8766 - 17911 + 6247 = -6*n. Calculate the highest common factor of 120 and n.
15
Suppose -34*i = 27*i - 89*i + 76832. Calculate the greatest common factor of i and 56.
56
Let l = -197 + 289. Let s = 2035 - 2031. What is the highest common divisor of l and s?
4
Let r = 570 + -332. Suppose -25*c + 18*c + r = 0. Let u(t) = 25*t**2 + 2. Let f be u(2). Calculate the greatest common factor of c and f.
34
Suppose -b - 34 = -r, -424*r - 2*b - 29 = -425*r. Let d be 1*(3/3 + -1). Suppose d = -3*g + 5 + 34. Calculate the greatest common factor of r and g.
13
Let u be ((-2799)/(-7))/9 + (153/(-63) - -3). Calculate the greatest common factor of 25695 and u.
45
Let v(u) = -29490 + 49*u**2 - 6*u + 29492 - u. Let s be v(1). What is the highest common divisor of 77 and s?
11
Suppose 14*j = -k + 12*j - 4, 3*j + 18 = -3*k. Let w(o) = -13*o - 48. Let u be w(k). What is the greatest common divisor of 112 and u?
56
Let i(u) = 0 + 5*u**2 + 8*u - u**2 - 3*u**2 - 14. Let m be i(-12). Suppose -3*h + 16 + 188 = 0. What is the greatest common divisor of m and h?
34
Let z be (-4)/6 - 34144/(-528). Calculate the greatest common factor of 4512 and z.
32
Let b(f) = f**3 + 7*f**2 - 6. Suppose 25 = -741*k + 736*k. Let p be b(k). What is the greatest common divisor of 33 and p?
11
Let h = -99 + 162. Suppose c + 3*u - 123 = -3*c, -c + 2 = -5*u. Suppose 3*f = h + c. What is the greatest common factor of 20 and f?
10
Suppose n - 18 = 3*k - 2, 3*n + 4*k - 61 = 0. Suppose -y = -q - 26, 2*q = -y - 2*y + 78. Suppose j - 107 - y = 0. What is the highest common factor of n and j?
19
Suppose -15 = -20*m + 15*m. Suppose -7*p + 136 = -m*p. Let q be (-5)/(30/4) + p/6. Calculate the highest common factor of 5 and q.
5
Suppose 119*o - 2298 + 513 = 0. Let k(w) = 5*w**3 + w**2 - w. Let u be (1 - 0)*(-2 + 3). Let g be k(u). Calculate the highest common divisor of o and g.
5
Let a = 139 - 27. Suppose -4*u = 8*y + 10*y - 772, -3*y = 4*u - 142. Calculate the greatest common divisor of y and a.
14
Let m(x) = -2*x**2 - 133*x - 403. Let d be m(-52). Calculate the greatest common factor of d and 195.
65
Let h(w) = w**3 + 22*w**2 - 4*w + 14. Suppose 24 = -p + u, -4*p + u - 34 - 56 = 0. Let i be h(p). What is the highest common divisor of i and 34?
34
Suppose -4*a = 5*k - 1833, 2*a + 5*k + 372 - 1281 = 0. Let o be -18*(12 + 430/(-30)). What is the highest common divisor of a and o?
42
Let k be (-16)/24 + (-34)/3. Let w be 3/k*-10*14. Let s be (-330)/w*(-2 - 27 - -1). What is the highest common factor of 24 and s?
24
Let p be 10 - 11 - 2*-2. Suppose 0 = p*s - 1514 + 257. Let o = -212 + s. What is the greatest common divisor of 23 and o?
23
Let t(n) = -7*n**2 - n**3 + 24*n - 26*n - 10*n + 30. Let h be t(-7). What is the highest common factor of 57 and h?
57
Let r be ((-28)/(-56))/(1/10). Suppose -5*z - 25 = -3*l - 4*z, r = z. Calculate the greatest common divisor of 15 and l.
5
Suppose -184*z = -199*z + 17775. Calculate the greatest common factor of z and 7584.
237
Let o = -157 + 160. Suppose 0 = -o*f - 16 + 70. Let v(t) = 37*t - 1. Let w be v(1). What is the highest common divisor of f and w?
18
Suppose -4*d + 63 = -5*z + 448, -5*d + 430 = 5*z. Let x = -57 + z. Suppose -x*v + 18 = -21*v. What is the greatest common factor of v and 9?
3
Suppose p - 3 = 6. Let b be 18/(-2*p/(-12)). Suppose -w + 36 = 668*i - 676*i, 2*w - 72 = -5*i. Calculate the highest common factor of w and b.
12
Suppose -56*v + 1202 - 515 + 13425 = 0. What is the highest common divisor of v and 81?
9
Let f be 1 + -1 + 41/(82/12). Suppose -z = z - 4. What is the greatest common factor of f and z?
2
Suppose 10*v = 8*v - 16. Let c(b) = -52*b - 386. Let r be c(v). Suppose -3*g = -g - 60. Calculate the greatest common divisor of g and r.
30
Let k(f) = 2*f**3 - 40*f**2 + 165*f + 102. Let p be k(20). Calculate the greatest common factor of p and 28.
14
Let h(g) = -6*g - 42. Let t be h(-7). Suppose -r + 0*r = 3, t = 3*x + 5*r - 345. Suppose 20 = o - 0. Calculate the greatest common divisor of o and x.
20
Suppose 0 = -4*l + 133 - 49. Let j(i) = 41*i + 92. Let k be j(8). Calculate the highest common factor of k and l.
21
Suppose 0 = -47*g + 1473 + 313. Calculate the highest common divisor of 323 and g.
19
Let d(w) = -5*w**3 + w**2 - w - 9. Let p be d(3). Let r = p - -160. What is the highest common divisor of 286 and r?
22
Suppose 2077 = 11*x - 860. Let r = x - -30. Calculate the greatest common divisor of 66 and r.
33
Let h be 720 - (3/(-1) - (3 - (3 + -2))). Calculate the highest common divisor of 150 and h.
25
Suppose 176 = -6*p + 620. Let g = p - 74. Suppose g = -q - 2, c + 0*c = q + 8. What is the highest common divisor of 54 and c?
6
Let l(n) = -n**3 - 48*n**2 - 1048*n - 46935. 